**3 + 17*i**2 + 58*i - 11. What are the prime factors of u(-5)?
1499
Suppose 123*n + 225 = 126*n. Suppose g + n = a - 70, 4*g = -a + 130. Suppose -4*j - a = -434. List the prime factors of j.
73
Suppose 0 = 10*r + 2522 + 2258. What are the prime factors of 22/44 + r/(-4)?
2, 3, 5
Let b(o) = 169*o + 224. Let l be b(8). Suppose -2*y - 4*q = -1904, -4*q = y - l + 620. List the prime factors of y.
2, 3, 79
Let t(u) = 14*u**2 + 5*u - 1. Let s = 23 - 20. Let i be t(s). Suppose 5*f - 4*g = f + 308, -5*g = 2*f - i. List the prime factors of f.
3, 5
Let g = -79 - -48. Suppose -310 = 9*j - 14*j. Let k = g + j. What are the prime factors of k?
31
Suppose -71*u + 128754 = -53*u. What are the prime factors of u?
23, 311
Let w = 67489 - 36416. List the prime factors of w.
7, 23, 193
Let v(l) = 1041*l**2 - 29*l - 168. List the prime factors of v(-7).
2, 7, 1823
Let d = 112 - 156. Let g = d + 42. Let q = g + 56. List the prime factors of q.
2, 3
Suppose 17*l = -52*l - 60*l + 1286259. List the prime factors of l.
13, 59
Let y(c) = 3*c + 1. Let j be y(2). Let b be 12/18 + (-494)/(-6). Suppose -j*u = -6*u - b. What are the prime factors of u?
83
Let v(w) = -139*w - 178. Let g be v(-10). Suppose -941 = -4*k - 2*t + 665, -3*k = 4*t - g. List the prime factors of k.
2, 5
Suppose 5*s - i - 125626 = 0, -1942*s + 1939*s - 2*i = -75386. What are the prime factors of s?
2, 17, 739
Let b(o) be the third derivative of o**6/120 + o**5/10 - 11*o**4/24 - 4*o**3/3 + 11*o**2. Let m be b(-7). List the prime factors of 15 + 5/(m/(-16)).
11
Let f(v) = -4*v - 146*v**2 + 1 + v**3 - 156*v**2 + 305*v**2. Let q = -4 + 8. What are the prime factors of f(q)?
97
Suppose 15*i - 24*i + 297 = 0. Let u(s) = s**2 - 22*s + 32. What are the prime factors of u(i)?
5, 79
Let t be 6979/21 + (-12)/27*3. Let n = t - 216. Suppose 2*o = 4*y - 750, -2*y + 2*o + n = -265. List the prime factors of y.
5, 37
Let t = 375 + -255. Let j = 129 - t. List the prime factors of j.
3
Let y(v) = 640*v + 110. List the prime factors of y(3).
2, 5, 7, 29
Let f = 314 - 688. Suppose -5*l - 12 + 2 = 0. List the prime factors of (9/l)/(11/f).
3, 17
Let g(k) = 1814*k - 60. Let b be g(3). Let r = b + -3664. List the prime factors of r.
2, 859
Let p be 4 + -4*(1 - 2)*-1. Suppose p = 4*g + 12, -4*g + 196 - 1020 = -2*w. What are the prime factors of w?
2, 7, 29
Let c(p) be the first derivative of 13*p**4/2 - 8*p**3/3 + 3*p**2 + 3*p + 206. What are the prime factors of c(3)?
3, 7, 31
Let q = 127 + -186. Let g = 58 + q. Let r(j) = 146*j**2 + j - 1. List the prime factors of r(g).
2, 3
What are the prime factors of 284*((-1827)/522)/((-2)/42)?
2, 3, 7, 71
Suppose -4 = h + h. List the prime factors of h/8*-657 - 39/156.
2, 41
Let n be (-30)/1*8/(-36)*42. Suppose -r + 52 = u - 223, u - 4*r - n = 0. What are the prime factors of u?
2, 3, 23
List the prime factors of -6 + 656106/18 - 8/(-3).
3, 12149
Let w = -1907 + 4077. What are the prime factors of w?
2, 5, 7, 31
Suppose -33*b + 546252 - 130410 = -673686. What are the prime factors of b?
2, 4127
Let f = 41 - -38. Suppose 101*u = f*u + 6270. List the prime factors of u.
3, 5, 19
Suppose -3*f = -3*a + 58155, 5*f - 19427 = 39*a - 40*a. What are the prime factors of a?
2, 3, 101
Let m be 60/100 + (-94)/(-10). Let i be (-3 - (-38)/m)*15/2. Suppose -148 = -i*u + 356. List the prime factors of u.
2, 3, 7
Let y = -6412 - -11525. List the prime factors of y.
5113
List the prime factors of 6 + -9 + 10 + -6*(-30999)/9.
3, 2297
Let f be -2 + 8 - (-1 - -4). Let z be (-108)/(-6)*1/f. Suppose 2*s = z*s - 244. What are the prime factors of s?
61
Let r be 8/76 + ((-1136)/(-38) - 1). List the prime factors of (35 + 4)*(0 + r/3).
13, 29
List the prime factors of (-1 - -423)*(-546)/(-156).
7, 211
Suppose -14*d + 8344 = -17808. What are the prime factors of d?
2, 467
Let n = -11529 - -17177. List the prime factors of n.
2, 353
Let k be -3 + (-30)/(-6) - -1*1. Suppose -k*b + 36 = 3*s - 102, -b - 3 = 0. Let o = 51 - s. List the prime factors of o.
2
Suppose 7*y + 3*y - 7020 = 0. Let u be (-12)/(-21) + y/21. Suppose -u*t = -37*t + 348. What are the prime factors of t?
2, 29
Let t be (0 + 3)*(-101)/(-3). Suppose 22*q = 14*q - 448. Let g = t + q. What are the prime factors of g?
3, 5
Suppose 3*k - 28 = 7*k. Let f be 0 + -2 - 777/k. Suppose 29 - f = -z + 3*v, 4*v - 4 = 0. What are the prime factors of z?
83
Let n = 28393 + 42037. What are the prime factors of n?
2, 5, 7043
Let g = 421 - 783. Let d = 160 - g. List the prime factors of d.
2, 3, 29
Suppose 0 = 5*i - 29 + 4, -4*i - 10 = -3*l. Suppose -14 = -l*j + 3*j. Suppose z + j*f = 76, -z - 3*z = -f - 313. List the prime factors of z.
2, 3, 13
Suppose 0 = -5*b + 5*r + 27770, -r = -5*r - 8. Suppose -7*k + b = k. List the prime factors of k.
2, 347
Let k(b) = -b**3 + 2*b**2 + 4*b + 8. Let v be k(0). Suppose 36*t - v*t = 4928. What are the prime factors of t?
2, 11
Let a = -94 - -91. Let d be 1955/(-4) - a/12*-1. Let h = -288 - d. List the prime factors of h.
3, 67
Suppose -433 + 421 = -3*z. Suppose 37*m - z*m = 27522. What are the prime factors of m?
2, 3, 139
Let n be 4*35/(-25) - 6/(-10). What are the prime factors of 191 + n + 7 + -6?
11, 17
Let w(y) = 4*y**3 - 8*y**2 - 2*y - 17. Let r be w(9). Let v = r + -1294. List the prime factors of v.
3, 313
Let i = 34313 - 7787. What are the prime factors of i?
2, 3, 4421
Let g(k) = -6*k - 39. Let s be g(-7). Suppose 14*x - 10*x = 5*v - 3569, v = -s*x + 729. List the prime factors of v.
3, 239
Let g = 76822 - 41929. What are the prime factors of g?
3, 3877
Suppose 4*j - 8*c - 12580 = -0*j, -15770 = -5*j - 5*c. What are the prime factors of j?
23, 137
Suppose -1592*r + 3230*r - 506428 = 1612*r. List the prime factors of r.
2, 9739
Suppose 35*r + 4*r = -212285 + 1023251. What are the prime factors of r?
2, 37, 281
Suppose -4*d - 54 = -4*b - 2*d, -5*d - 65 = -5*b. Suppose 2*l - b*l = -3324. What are the prime factors of l?
277
Let i be 12/(-10)*-2087 - 34/85. Suppose z - 1044 = -4*y, -y - 2632 = -5*z + i. What are the prime factors of z?
2, 257
Suppose -4*q = -27 + 11. Let v be (9 - 19/3)*(-6)/(-4). Suppose 4*c = 0, -v*y - y = -q*c - 155. List the prime factors of y.
31
Let m = 1246 + -440. What are the prime factors of (-110)/44*m/(-5)?
13, 31
Suppose -4*g + 4*u = -24, 3*g - 29 = -2*g + 4*u. Suppose -2*i + 27 = g*b, -4*b - 4*i + 19 = -b. Suppose -b = -w + 11. What are the prime factors of w?
2
Let q = 51668 + -29257. List the prime factors of q.
73, 307
Suppose -44 + 24 = -5*o. Suppose n - o*x - 354 = -x, -3*n - 3*x = -1110. List the prime factors of n.
2, 3, 61
Let j(n) = 2*n**2 + 9*n + 5. Let x be j(-1). What are the prime factors of (-1 - 3/x)*-6 + 1708?
5, 11, 31
Let a be 24/(-30) - 914/(-5). Suppose 0 = -3*d + 769 + a. List the prime factors of d.
317
Let c(f) = f**3 - 12*f**2 + 25*f + 22. Let r be c(9). List the prime factors of (-9)/18 + 4742/r.
3, 5, 79
Let f = 260 + -259. List the prime factors of (-34)/((-20)/18 + f).
2, 3, 17
Suppose 3*d - 48 + 14 = -5*x, 5*x = -5*d + 40. Suppose -5*j + 2*q - 8605 = -10*j, j + d*q = 1721. List the prime factors of j.
1721
Let z(m) = -m**3 - 7*m**2 - 3*m - 4. Let f(h) be the first derivative of h**4/4 + 8*h**3/3 + 7*h**2 + 4*h + 19. Let t be f(-6). List the prime factors of z(t).
2, 3, 7
Suppose 5 = -5*k + a, 0 = -0*k + 3*k + a - 5. Suppose k = 2*s + 5*z - 36, -s - 2*s + z = -71. Let l = 78 - s. What are the prime factors of l?
5, 11
Let g(n) = -14*n**3 - 11*n**2 + 47*n + 124. What are the prime factors of g(-19)?
2, 13, 3511
Let w be 1029/35 + 3/5. Suppose -2*z + 40 = 3*x, z + w = 5*x - 3*z. Let u = x + 47. List the prime factors of u.
3, 19
Suppose -2*g = h - 11238, 3*g + 78690 = 7*h + 5*g. List the prime factors of h.
2, 7, 11, 73
Suppose -o - 5*h = -22718, -3*o - 22798 = -4*o + 5*h. List the prime factors of o.
2, 3, 3793
Let f(r) = 2*r - 12. Let l be f(8). Let w be (-392)/((-16)/l) + (-3 - -2). Let z = w + -30. List the prime factors of z.
67
List the prime factors of ((-102)/(-204))/(2/(-96944)*24/(-18)).
3, 73, 83
What are the prime factors of 2631 + (8 + -6 - -1) + -1?
2633
Let w = 9670 + -1600. List the prime factors of w.
2, 3, 5, 269
Let c(j) = -94*j - 71. Let q be c(-5). Let h = 1196 - q. List the prime factors of h.
797
Suppose 5*o = -2*h + 15732 + 43890, 